93243 is divided by 734.
25
What is the remainder when 3269291 is divided by 3064?
3
What is the remainder when 1900329 is divided by 2988?
2949
What is the remainder when 26087 is divided by 2182?
2085
Calculate the remainder when 2128067 is divided by 177337.
23
What is the remainder when 32667 is divided by 10423?
1398
What is the remainder when 767339 is divided by 558?
89
Calculate the remainder when 1100001 is divided by 822.
165
Calculate the remainder when 474503 is divided by 2279.
471
What is the remainder when 224387 is divided by 2207?
1480
Calculate the remainder when 78150 is divided by 35.
30
What is the remainder when 12625869 is divided by 106?
103
Calculate the remainder when 1575687 is divided by 9.
3
Calculate the remainder when 14050 is divided by 3203.
1238
Calculate the remainder when 1267798 is divided by 171.
4
Calculate the remainder when 166788870 is divided by 166788859.
11
Calculate the remainder when 210676 is divided by 52324.
1380
Calculate the remainder when 468452 is divided by 117092.
84
Calculate the remainder when 3212383 is divided by 48671.
97
Calculate the remainder when 4153702 is divided by 593380.
42
What is the remainder when 50340728 is divided by 515?
508
What is the remainder when 1985660 is divided by 992380?
900
What is the remainder when 1461975 is divided by 1461956?
19
Calculate the remainder when 8629114 is divided by 214.
206
What is the remainder when 102548 is divided by 50752?
1044
What is the remainder when 108667 is divided by 5166?
181
Calculate the remainder when 16920 is divided by 4853.
2361
Calculate the remainder when 114912248 is divided by 6148.
6128
Calculate the remainder when 43979252 is divided by 2108.
48
Calculate the remainder when 1229288 is divided by 75.
38
Calculate the remainder when 2678774 is divided by 41.
39
Calculate the remainder when 195632 is divided by 65210.
2
What is the remainder when 2931142 is divided by 15?
7
What is the remainder when 111451619 is divided by 28?
27
What is the remainder when 4448941 is divided by 356?
9
Calculate the remainder when 159153 is divided by 31627.
1018
Calculate the remainder when 14954 is divided by 11359.
3595
Calculate the remainder when 1213469 is divided by 1746.
1745
What is the remainder when 466410 is divided by 465844?
566
What is the remainder when 447890 is divided by 3640?
170
Calculate the remainder when 212603 is divided by 3542.
83
Calculate the remainder when 8707472 is divided by 18.
8
Calculate the remainder when 1119888 is divided by 27997.
8
Calculate the remainder when 8713069 is divided by 511.
8
What is the remainder when 3136369 is divided by 5159?
4856
Calculate the remainder when 548061 is divided by 5839.
5034
Calculate the remainder when 27468 is divided by 11.
1
Calculate the remainder when 6966663 is divided by 3483316.
31
Calculate the remainder when 155618 is divided by 1037.
68
Calculate the remainder when 136851 is divided by 108.
15
What is the remainder when 8285813 is divided by 690461?
281
What is the remainder when 34517 is divided by 426?
11
What is the remainder when 592862 is divided by 119?
4
What is the remainder when 346025 is divided by 34534?
685
Calculate the remainder when 55308 is divided by 782.
568
What is the remainder when 18593242 is divided by 1434?
1432
What is the remainder when 2096865 is divided by 10432?
33
What is the remainder when 2606426 is divided by 3914?
3616
What is the remainder when 1436157 is divided by 159?
69
What is the remainder when 23849933 is divided by 11924960?
13
What is the remainder when 1156821946 is divided by 4988?
4986
Calculate the remainder when 250881 is divided by 233.
173
What is the remainder when 228105 is divided by 3143?
1809
Calculate the remainder when 27312192 is divided by 26646.
42
Calculate the remainder when 257229 is divided by 58.
57
Calculate the remainder when 52886096 is divided by 52886082.
14
What is the remainder when 114835 is divided by 2463?
1537
Calculate the remainder when 33377 is divided by 1239.
1163
What is the remainder when 37920919 is divided by 377?
374
Calculate the remainder when 2175283 is divided by 509.
326
Calculate the remainder when 1023862 is divided by 113673.
805
Calculate the remainder when 355708 is divided by 1413.
1045
Calculate the remainder when 1388871 is divided by 107.
11
What is the remainder when 4907970 is divided by 301?
165
What is the remainder when 1650904 is divided by 483?
10
What is the remainder when 3410717 is divided by 52?
37
Calculate the remainder when 19250 is divided by 4757.
222
Calculate the remainder when 51008 is divided by 25502.
4
Calculate the remainder when 4862 is divided by 2118.
626
What is the remainder when 639297 is divided by 22041?
108
Calculate the remainder when 11011175 is divided by 5765.
25
What is the remainder when 124324199 is divided by 231?
230
What is the remainder when 475705357 is divided by 1742?
1739
What is the remainder when 819944 is divided by 2455?
2429
What is the remainder when 461961 is divided by 16497?
45
Calculate the remainder when 31274462 is divided by 5.
2
What is the remainder when 1013413 is divided by 144763?
72
What is the remainder when 77518748 is divided by 4249?
4241
Calculate the remainder when 51097 is divided by 12494.
1121
Calculate the remainder when 2762899 is divided by 306979.
88
Calculate the remainder when 276889 is divided by 1867.
573
What is the remainder when 24705566 is divided by 1235278?
6
Calculate the remainder when 70482212 is divided by 41.
14
What is the remainder when 29670936 is divided by 556?
552
What is the remainder when 32257921 is divided by 3127?
2916
Calculate the remainder when 25223320 is divided by 144.
136
Calculate the remainder when 669863 is divided by 1754.
1589
Calculate the remainder when 963131 is divided by 4840.
4811
Calculate the remainder when 4080478 is divided by 84.
10
Calculate the remainder when 1254578 is divided by 42.
38
What is the remainder when 54821821 is divided by 27410897?
27
What is the remainder when 26266 is divided by 769?
120
What is the remainder when 684973 is divided by 50?
23
What is the remainder when 1641024 is divided by 4342?
4090
Calculate the remainder when 565509 is divided by 282727.
55
What is the remainder when 11966862 is divided by 6525?
12
Calculate the remainder when 3242893 is divided by 384.
13
What is the remainder when 9358567 is divided by 100?
67
Calculate the remainder when 11016095 is divided by 2522.
2521
Calculate the remainder when 469547 is divided by 467447.
2100
Calculate the remainder when 5093726 is divided by 6828.
38
What is the remainder when 715377 is divided by 7948?
57
Calculate the remainder when 1417705 is divided by 41659.
1299
What is the remainder when 336575 is divided by 48075?
50
What is the remainder when 421837 is divided by 7?
3
What is the remainder when 13893 is divided by 1740?
1713
What is the remainder when 1411243 is divided by 19599?
115
What is the remainder when 647065 is divided by 647052?
13
Calculate the remainder when 409434 is divided by 2394.
60
Calculate the remainder when 19384130 is divided by 202.
8
What is the remainder when 459457 is divided by 114785?
317
Calculate the remainder when 8777400 is divided by 35.
30
What is the remainder when 97390135 is divided by 6956438?
3
What is the remainder when 1371711653 is divided by 2072?
2069
Calculate the remainder when 2316920 is divided by 154291.
2555
Calculate the remainder when 429349 is divided by 28.
25
What is the remainder when 1009243 is divided by 582?
55
What is the remainder when 2985550 is divided by 1573?
1569
What is the remainder when 20657637 is divided by 6885861?
54
What is the remainder when 120976 is divided by 24130?
326
What is the remainder when 64011 is divided by 6180?
2211
Calculate the remainder when 18605638 is divided by 1003.
991
What is the remainder when 2629175 is divided by 9958?
263
Calculate the remainder when 726427 is divided by 18626.
13
What is the remainder when 466847 is divided by 93354?
77
Calculate the remainder when 345655 is divided by 8899.
7493
Calculate the remainder when 631138 is divided by 739.
32
Calculate the remainder when 267026 is divided by 1425.
551
Calculate the 